{"id":5482,"date":"2019-06-01T17:03:59","date_gmt":"2019-06-01T15:03:59","guid":{"rendered":"https:\/\/p511476.webspaceconfig.de\/?page_id=5482"},"modified":"2026-04-28T11:44:27","modified_gmt":"2026-04-28T09:44:27","slug":"empreinte","status":"publish","type":"page","link":"https:\/\/www.kunsthalle-karlsruhe.de\/fr\/empreinte\/","title":{"rendered":"Cr\u00e9dits"},"content":{"rendered":"\n<section class=\"block block-copy\" style=\"text-align: left\" >\n    <div class=\"container-fluid\">\n        <div class=\"row\">\n                        <div class=\"col-xs-12 col-sm-8 col-sm-offset-2\">\n                <div class=\"box\">\n                    <div class=\"copy editor\"><h3>Publ\u00e9 par<\/h3>\n<p>Staatliche Kunsthalle Karlsruhe<br \/>\nHermann-Veit-Stra\u00dfe 6<br \/>\n76135 Karlsruhe<br \/>\nAllemagne<br \/>\nT\u00e9l\u00e9phone: +49 721 20119-0<br \/>\nFax: +49 721 20119 \u2013 110<br \/>\nMail: info@kunsthalle-karlsruhe.de<br \/>\nWeb: kunsthalle-karlsruhe.de<\/p>\n<h3>Conseil d&#8217;administration<\/h3>\n<p>Direction scientifique: Prof. Dr. Fr\u00e9d\u00e9ric Bu\u00dfmann<br \/>\nDirecteur Commercial: Sylvia Jung<\/p>\n<p>Num\u00e9ro d&#8217;identification TVA: DE 811 291 231<\/p>\n<p>La Staatliche Kunsthalle Karlsruhe, en tant qu\u2019entreprise du Land, est dirig\u00e9e conform\u00e9ment \u00e0 l\u2019article 18 du r\u00e8glement financier du Land Bade-Wurttemberg.<\/p>\n<p>Responsable du contenu selon MStV, Ar. 2 (voir adresse ci-dessus)<\/p>\n<h3>commissaire \u00e0 la protection des donn\u00e9es<\/h3>\n<p>Thomas Stegemann<br \/>\ndacuro GmbH<br \/>\nHeinrich-Hertz-Stra\u00dfe 11<br \/>\n69190 Walldorf<br \/>\nMail: Datenschutz@kunsthalle-karlsruhe.de<\/p>\n<h3>Conception du site<\/h3>\n<p>Florian Trott et Tabea Schwarze, Staatliche Kunsthalle Karlsruhe<\/p>\n<h3>R\u00e9daction<\/h3>\n<p>Lara Di Carlo<\/p>\n                        \n\n                        <\/div>\n                <\/div>\n            <\/div>\n        <\/div>\n    <\/div>\n<\/section>","protected":false},"excerpt":{"rendered":"","protected":false},"author":2,"featured_media":0,"parent":0,"menu_order":0,"comment_status":"closed","ping_status":"closed","template":"","meta":{"_acf_changed":false,"_seopress_robots_primary_cat":"","_seopress_titles_title":"","_seopress_titles_desc":"","_seopress_robots_index":"","footnotes":""},"class_list":["post-5482","page","type-page","status-publish","hentry"],"acf":[],"_links":{"self":[{"href":"https:\/\/www.kunsthalle-karlsruhe.de\/fr\/wp-json\/wp\/v2\/pages\/5482","targetHints":{"allow":["GET"]}}],"collection":[{"href":"https:\/\/www.kunsthalle-karlsruhe.de\/fr\/wp-json\/wp\/v2\/pages"}],"about":[{"href":"https:\/\/www.kunsthalle-karlsruhe.de\/fr\/wp-json\/wp\/v2\/types\/page"}],"author":[{"embeddable":true,"href":"https:\/\/www.kunsthalle-karlsruhe.de\/fr\/wp-json\/wp\/v2\/users\/2"}],"replies":[{"embeddable":true,"href":"https:\/\/www.kunsthalle-karlsruhe.de\/fr\/wp-json\/wp\/v2\/comments?post=5482"}],"version-history":[{"count":6,"href":"https:\/\/www.kunsthalle-karlsruhe.de\/fr\/wp-json\/wp\/v2\/pages\/5482\/revisions"}],"predecessor-version":[{"id":91103,"href":"https:\/\/www.kunsthalle-karlsruhe.de\/fr\/wp-json\/wp\/v2\/pages\/5482\/revisions\/91103"}],"wp:attachment":[{"href":"https:\/\/www.kunsthalle-karlsruhe.de\/fr\/wp-json\/wp\/v2\/media?parent=5482"}],"curies":[{"name":"wp","href":"https:\/\/api.w.org\/{rel}","templated":true}]}}

Crédits

<section class="block block-copy" style="text-align: left" >
    <div class="container-fluid">
        <div class="row">
                        <div class="col-xs-12 col-sm-8 col-sm-offset-2">
                <div class="box">
                    <div class="copy editor"><h3>Publé par</h3>
<p>Staatliche Kunsthalle Karlsruhe<br />
Hermann-Veit-Straße 6<br />
76135 Karlsruhe<br />
Allemagne<br />
Téléphone: +49 721 20119-0<br />
Fax: +49 721 20119 – 110<br />
Mail: info@kunsthalle-karlsruhe.de<br />
Web: kunsthalle-karlsruhe.de</p>
<h3>Conseil d&#8217;administration</h3>
<p>Direction scientifique: Prof. Dr. Frédéric Bußmann<br />
Directeur Commercial: Sylvia Jung</p>
<p>Numéro d&#8217;identification TVA: DE 811 291 231</p>
<p>La Staatliche Kunsthalle Karlsruhe, en tant qu’entreprise du Land, est dirigée conformément à l’article 18 du règlement financier du Land Bade-Wurttemberg.</p>
<p>Responsable du contenu selon MStV, Ar. 2 (voir adresse ci-dessus)</p>
<h3>commissaire à la protection des données</h3>
<p>Thomas Stegemann<br />
dacuro GmbH<br />
Heinrich-Hertz-Straße 11<br />
69190 Walldorf<br />
Mail: Datenschutz@kunsthalle-karlsruhe.de</p>
<h3>Conception du site</h3>
<p>Florian Trott et Tabea Schwarze, Staatliche Kunsthalle Karlsruhe</p>
<h3>Rédaction</h3>
<p>Lara Di Carlo</p>
                        

                        </div>
                </div>
            </div>
        </div>
    </div>
</section>
