{"id":79699,"date":"2025-04-15T19:35:48","date_gmt":"2025-04-15T17:35:48","guid":{"rendered":"https:\/\/www.kunsthalle-karlsruhe.de\/?page_id=79699"},"modified":"2025-04-15T19:35:54","modified_gmt":"2025-04-15T17:35:54","slug":"la-discrimination","status":"publish","type":"page","link":"https:\/\/www.kunsthalle-karlsruhe.de\/fr\/revisions\/glossaire\/la-discrimination\/","title":{"rendered":"La discrimination"},"content":{"rendered":"\n<section class=\"block block-copy\" style=\"text-align: left\" >\n    <div class=\"container-fluid\">\n        <div class=\"row\">\n                            <div class=\"col-xs-12 col-sm-8 col-sm-offset-2\">\n                    <div class=\"box\">\n                        <h2  >La discrimination<\/h2>                    <\/div>\n                <\/div>\n                        <div class=\"col-xs-12 col-sm-8 col-sm-offset-2\">\n                <div class=\"box\">\n                    <div class=\"copy editor\"><p>La discrimination d\u00e9crit un traitement injuste, un d\u00e9savantage ou une marginalisation de personnes en raison de caract\u00e9ristiques qui leur sont attribu\u00e9es. Cela peut se traduire par le fait d\u2019\u00e9viter des contacts, de limiter l\u2019acc\u00e8s \u00e0 des biens, des ressources et des positions ou de rabaisser personnellement des individus ou des groupes. Tout comportement discriminatoire suppose en g\u00e9n\u00e9ral un pouvoir social, \u00e9conomique, politique ou journalistique existant dans le cadre duquel il s\u2019exerce aussi bien au niveau individuel, institutionnel ou structurel.<\/p>\n                        \n\n                        <\/div>\n                <\/div>\n            <\/div>\n        <\/div>\n    <\/div>\n<\/section>\n\n<section class=\"block block-buttons noprint\" >\n    <div class=\"container-fluid\">\n                <div class=\"row center-xs\">\n            <div class=\"col-xs-12\">\n                <div class=\"box\">\n                                <div>\n                <a href=\"https:\/\/www.kunsthalle-karlsruhe.de\/revisionen\/glossar\/\" title=\"Zum re*visionen Glossar \" class=\"button standard   \" target=\"_self\" >\n                                        <span>Zum re*visionen Glossar <\/span>\n                <\/a>\n                <\/div>\n                <div>\n                <a href=\"https:\/\/www.kunsthalle-karlsruhe.de\/revisionen\/\" title=\"Zur re*visionen \u00dcbersichtsseite\" class=\"button standard   \" target=\"_self\" >\n                                        <span>Zur re*visionen \u00dcbersichtsseite<\/span>\n                <\/a>\n                <\/div>\n    \n\n                    <\/div>\n            <\/div>\n                            <div class=\"col-xs-12\">\n                    <div class=\"box\">\n                        <div>\n                            <a href=\"#\" onclick=\"site.sharer.show(); return false;\" title=\"Seite teilen\" class=\"button standard \" target=\"_self\">Seite teilen<\/a>\n                        <\/div>\n                        <div>\n                            <a href=\"javascript: window.print();\" title=\"Seite drucken\" class=\"button standard \">Seite drucken<\/a>\n                        <\/div>\n                    <\/div>\n                <\/div>\n                    <\/div>\n    <\/div>\n<\/section>\n\n<div class=\"sharer\" id=\"sharer\" aria-hidden=\"true\" style=\"position: fixed\">\n    <div class=\"sharer--content\">\n        <a class=\"sharer-close\" href=\"#\" onclick=\"site.sharer.hide(); return false;\"><\/a>\n        <strong>Seite teilen<\/strong>\n        <table>\n            <tr>\n                <th><a href=\"#\" onclick=\"site.sharer.facebook(); return false;\">Facebook<\/a><\/th>\n                <td><a class=\"sharer--facebook\" href=\"#\" onclick=\"site.sharer.facebook(); return false;\"><\/a><\/td>\n            <\/tr>\n            <tr>\n                <th><a href=\"#\" onclick=\"site.sharer.twitter(); return false;\">X (Twitter)<\/a><\/th>\n                <td><a class=\"sharer--twitter-x\" href=\"#\" onclick=\"site.sharer.twitter(); return false;\"><\/a><\/td>\n            <\/tr>\n            <tr>\n                <th><a href=\"#\" onclick=\"site.sharer.email(); return false;\">E-Mail<\/a><\/th>\n                <td><a class=\"sharer--email\" href=\"#\" onclick=\"site.sharer.email(); return false;\"><\/a><\/td>\n            <\/tr>\n            <tr>\n                <th>\n                    <a href=\"#\" onclick=\"site.sharer.permalink(); return false;\">URL kopieren<\/a>\n                    <h6 class=\"sharer--copy--message\">Die URL wurde erfolgreich kopiert und befindet sich in der Zwischenablage<\/h6>\n                <\/th>\n                <td><a class=\"sharer--permalink\" href=\"#\" onclick=\"site.sharer.permalink(); return false;\"><\/a><\/td>\n            <\/tr>\n                    <\/table>\n    <\/div>\n<\/div>","protected":false},"excerpt":{"rendered":"","protected":false},"author":7,"featured_media":0,"parent":79616,"menu_order":0,"comment_status":"closed","ping_status":"closed","template":"","meta":{"_acf_changed":false,"_seopress_titles_title":"","_seopress_titles_desc":"","_seopress_robots_index":"","_seopress_robots_follow":"","_seopress_robots_imageindex":"","_seopress_robots_snippet":"","_seopress_robots_primary_cat":"","_seopress_robots_breadcrumbs":"","_seopress_robots_freeze_modified_date":"","_seopress_robots_custom_modified_date":"","_seopress_robots_canonical":"","_seopress_social_fb_title":"","_seopress_social_fb_desc":"","_seopress_social_fb_img":"","_seopress_social_fb_img_attachment_id":0,"_seopress_social_fb_img_width":0,"_seopress_social_fb_img_height":0,"_seopress_social_twitter_title":"","_seopress_social_twitter_desc":"","_seopress_social_twitter_img":"","_seopress_social_twitter_img_attachment_id":0,"_seopress_social_twitter_img_width":0,"_seopress_social_twitter_img_height":0,"_seopress_redirections_value":"","_seopress_redirections_enabled":"","_seopress_redirections_enabled_regex":"","_seopress_redirections_logged_status":"both","_seopress_redirections_param":"","_seopress_redirections_type":301,"_seopress_analysis_target_kw":"","_seopress_news_disabled":"","_seopress_video_disabled":"","_seopress_video":[],"_seopress_pro_schemas_manual":[],"_seopress_pro_rich_snippets_disable_all":"","_seopress_pro_rich_snippets_disable":[],"_seopress_pro_schemas":[],"footnotes":""},"class_list":["post-79699","page","type-page","status-publish","hentry"],"acf":[],"_links":{"self":[{"href":"https:\/\/www.kunsthalle-karlsruhe.de\/fr\/wp-json\/wp\/v2\/pages\/79699","targetHints":{"allow":["GET"]}}],"collection":[{"href":"https:\/\/www.kunsthalle-karlsruhe.de\/fr\/wp-json\/wp\/v2\/pages"}],"about":[{"href":"https:\/\/www.kunsthalle-karlsruhe.de\/fr\/wp-json\/wp\/v2\/types\/page"}],"author":[{"embeddable":true,"href":"https:\/\/www.kunsthalle-karlsruhe.de\/fr\/wp-json\/wp\/v2\/users\/7"}],"replies":[{"embeddable":true,"href":"https:\/\/www.kunsthalle-karlsruhe.de\/fr\/wp-json\/wp\/v2\/comments?post=79699"}],"version-history":[{"count":2,"href":"https:\/\/www.kunsthalle-karlsruhe.de\/fr\/wp-json\/wp\/v2\/pages\/79699\/revisions"}],"predecessor-version":[{"id":79719,"href":"https:\/\/www.kunsthalle-karlsruhe.de\/fr\/wp-json\/wp\/v2\/pages\/79699\/revisions\/79719"}],"up":[{"embeddable":true,"href":"https:\/\/www.kunsthalle-karlsruhe.de\/fr\/wp-json\/wp\/v2\/pages\/79616"}],"wp:attachment":[{"href":"https:\/\/www.kunsthalle-karlsruhe.de\/fr\/wp-json\/wp\/v2\/media?parent=79699"}],"curies":[{"name":"wp","href":"https:\/\/api.w.org\/{rel}","templated":true}]}}

<section class="block block-copy" style="text-align: left" >
    <div class="container-fluid">
        <div class="row">
                            <div class="col-xs-12 col-sm-8 col-sm-offset-2">
                    <div class="box">
                        <h2  >La discrimination</h2>                    </div>
                </div>
                        <div class="col-xs-12 col-sm-8 col-sm-offset-2">
                <div class="box">
                    <div class="copy editor"><p>La discrimination décrit un traitement injuste, un désavantage ou une marginalisation de personnes en raison de caractéristiques qui leur sont attribuées. Cela peut se traduire par le fait d’éviter des contacts, de limiter l’accès à des biens, des ressources et des positions ou de rabaisser personnellement des individus ou des groupes. Tout comportement discriminatoire suppose en général un pouvoir social, économique, politique ou journalistique existant dans le cadre duquel il s’exerce aussi bien au niveau individuel, institutionnel ou structurel.</p>
                        

                        </div>
                </div>
            </div>
        </div>
    </div>
</section>

<section class="block block-buttons noprint" >
    <div class="container-fluid">
                <div class="row center-xs">
            <div class="col-xs-12">
                <div class="box">
                                <div>
                <a href="https://www.kunsthalle-karlsruhe.de/revisionen/glossar/" title="Zum re*visionen Glossar " class="button standard   " target="_self" >
                                        <span>Zum re*visionen Glossar </span>
                </a>
                </div>
                <div>
                <a href="https://www.kunsthalle-karlsruhe.de/revisionen/" title="Zur re*visionen Übersichtsseite" class="button standard   " target="_self" >
                                        <span>Zur re*visionen Übersichtsseite</span>
                </a>
                </div>
    

                    </div>
            </div>
                            <div class="col-xs-12">
                    <div class="box">
                        <div>
                            <a href="#" onclick="site.sharer.show(); return false;" title="Seite teilen" class="button standard " target="_self">Seite teilen</a>
                        </div>
                        <div>
                            <a href="javascript: window.print();" title="Seite drucken" class="button standard ">Seite drucken</a>
                        </div>
                    </div>
                </div>
                    </div>
    </div>
</section>

<div class="sharer" id="sharer" aria-hidden="true" style="position: fixed">
    <div class="sharer--content">
        <a class="sharer-close" href="#" onclick="site.sharer.hide(); return false;"></a>
        <strong>Seite teilen</strong>
        <table>
            <tr>
                <th><a href="#" onclick="site.sharer.facebook(); return false;">Facebook</a></th>
                <td><a class="sharer--facebook" href="#" onclick="site.sharer.facebook(); return false;"></a></td>
            </tr>
            <tr>
                <th><a href="#" onclick="site.sharer.twitter(); return false;">X (Twitter)</a></th>
                <td><a class="sharer--twitter-x" href="#" onclick="site.sharer.twitter(); return false;"></a></td>
            </tr>
            <tr>
                <th><a href="#" onclick="site.sharer.email(); return false;">E-Mail</a></th>
                <td><a class="sharer--email" href="#" onclick="site.sharer.email(); return false;"></a></td>
            </tr>
            <tr>
                <th>
                    <a href="#" onclick="site.sharer.permalink(); return false;">URL kopieren</a>
                    <h6 class="sharer--copy--message">Die URL wurde erfolgreich kopiert und befindet sich in der Zwischenablage</h6>
                </th>
                <td><a class="sharer--permalink" href="#" onclick="site.sharer.permalink(); return false;"></a></td>
            </tr>
                    </table>
    </div>
</div>
