{"id":79757,"date":"2025-04-15T20:04:48","date_gmt":"2025-04-15T18:04:48","guid":{"rendered":"https:\/\/www.kunsthalle-karlsruhe.de\/?page_id=79757"},"modified":"2025-04-15T20:04:55","modified_gmt":"2025-04-15T18:04:55","slug":"le-validisme","status":"publish","type":"page","link":"https:\/\/www.kunsthalle-karlsruhe.de\/fr\/revisions\/glossaire\/le-validisme\/","title":{"rendered":"Le validisme"},"content":{"rendered":"\n<section class=\"block block-copy\" style=\"text-align: left\" >\n    <div class=\"container-fluid\">\n        <div class=\"row\">\n                            <div class=\"col-xs-12 col-sm-8 col-sm-offset-2\">\n                    <div class=\"box\">\n                        <h2  >Le validisme<\/h2>                    <\/div>\n                <\/div>\n                        <div class=\"col-xs-12 col-sm-8 col-sm-offset-2\">\n                <div class=\"box\">\n                    <div class=\"copy editor\"><p>Le validisme (traduit de l\u2019anglais ableism, able = capable) d\u00e9signe la discrimination des personnes (pr\u00e9tendument) handicap\u00e9es. Bas\u00e9 sur des normes sociales telles que la productivit\u00e9, la beaut\u00e9 et la sant\u00e9, le validisme s\u00e9pare les personnes avec et sans handicap. Souvent, cette discrimination s\u2019exerce inconsciemment dans le cadre de repr\u00e9sentations de la \u00ab\u00a0normalit\u00e9\u00a0\u00bb ancr\u00e9es dans la soci\u00e9t\u00e9 ou comme une forme de mise sous tutelle \u00ab\u00a0bien intentionn\u00e9e\u00a0\u00bb. Les handicaps r\u00e9sultent souvent d\u2019un manque de prise en compte des besoins ou d\u2019un manque de soutien. Notons par exemple, dans les institutions, les escaliers au lieu des rampes, l\u2019absence d\u2019annonces sonores ou le manque dans les \u00e9coles de mesures d\u2019inclusion. Ces barri\u00e8res excluent les personnes concern\u00e9es et, en les rendant \u00ab\u00a0invisibles\u00a0\u00bb, renforcent les conceptions sociales de la \u00ab\u00a0normalit\u00e9\u00a0\u00bb.<\/p>\n                        \n\n                        <\/div>\n                <\/div>\n            <\/div>\n        <\/div>\n    <\/div>\n<\/section>\n\n<section class=\"block block-buttons noprint\" >\n    <div class=\"container-fluid\">\n                <div class=\"row center-xs\">\n            <div class=\"col-xs-12\">\n                <div class=\"box\">\n                                <div>\n                <a href=\"https:\/\/www.kunsthalle-karlsruhe.de\/revisionen\/glossar\/\" title=\"Zum re*visionen Glossar \" class=\"button standard   \" target=\"_self\" >\n                                        <span>Zum re*visionen Glossar <\/span>\n                <\/a>\n                <\/div>\n                <div>\n                <a href=\"https:\/\/www.kunsthalle-karlsruhe.de\/revisionen\/\" title=\"Zur re*visionen \u00dcbersichtsseite\" class=\"button standard   \" target=\"_self\" >\n                                        <span>Zur re*visionen \u00dcbersichtsseite<\/span>\n                <\/a>\n                <\/div>\n    \n\n                    <\/div>\n            <\/div>\n                            <div class=\"col-xs-12\">\n                    <div class=\"box\">\n                        <div>\n                            <a href=\"#\" onclick=\"site.sharer.show(); return false;\" title=\"Seite teilen\" class=\"button standard \" target=\"_self\">Seite teilen<\/a>\n                        <\/div>\n                        <div>\n                            <a href=\"javascript: window.print();\" title=\"Seite drucken\" class=\"button standard \">Seite drucken<\/a>\n                        <\/div>\n                    <\/div>\n                <\/div>\n                    <\/div>\n    <\/div>\n<\/section>\n\n<div class=\"sharer\" id=\"sharer\" aria-hidden=\"true\" style=\"position: fixed\">\n    <div class=\"sharer--content\">\n        <a class=\"sharer-close\" href=\"#\" onclick=\"site.sharer.hide(); return false;\"><\/a>\n        <strong>Seite teilen<\/strong>\n        <table>\n            <tr>\n                <th><a href=\"#\" onclick=\"site.sharer.facebook(); return false;\">Facebook<\/a><\/th>\n                <td><a class=\"sharer--facebook\" href=\"#\" onclick=\"site.sharer.facebook(); return false;\"><\/a><\/td>\n            <\/tr>\n            <tr>\n                <th><a href=\"#\" onclick=\"site.sharer.twitter(); return false;\">X (Twitter)<\/a><\/th>\n                <td><a class=\"sharer--twitter-x\" href=\"#\" onclick=\"site.sharer.twitter(); return false;\"><\/a><\/td>\n            <\/tr>\n            <tr>\n                <th><a href=\"#\" onclick=\"site.sharer.email(); return false;\">E-Mail<\/a><\/th>\n                <td><a class=\"sharer--email\" href=\"#\" onclick=\"site.sharer.email(); return false;\"><\/a><\/td>\n            <\/tr>\n            <tr>\n                <th>\n                    <a href=\"#\" onclick=\"site.sharer.permalink(); return false;\">URL kopieren<\/a>\n                    <h6 class=\"sharer--copy--message\">Die URL wurde erfolgreich kopiert und befindet sich in der Zwischenablage<\/h6>\n                <\/th>\n                <td><a class=\"sharer--permalink\" href=\"#\" onclick=\"site.sharer.permalink(); return false;\"><\/a><\/td>\n            <\/tr>\n                    <\/table>\n    <\/div>\n<\/div>","protected":false},"excerpt":{"rendered":"","protected":false},"author":7,"featured_media":0,"parent":79616,"menu_order":0,"comment_status":"closed","ping_status":"closed","template":"","meta":{"_acf_changed":false,"_seopress_robots_primary_cat":"","_seopress_titles_title":"","_seopress_titles_desc":"","_seopress_robots_index":"","footnotes":""},"class_list":["post-79757","page","type-page","status-publish","hentry"],"acf":[],"_links":{"self":[{"href":"https:\/\/www.kunsthalle-karlsruhe.de\/fr\/wp-json\/wp\/v2\/pages\/79757","targetHints":{"allow":["GET"]}}],"collection":[{"href":"https:\/\/www.kunsthalle-karlsruhe.de\/fr\/wp-json\/wp\/v2\/pages"}],"about":[{"href":"https:\/\/www.kunsthalle-karlsruhe.de\/fr\/wp-json\/wp\/v2\/types\/page"}],"author":[{"embeddable":true,"href":"https:\/\/www.kunsthalle-karlsruhe.de\/fr\/wp-json\/wp\/v2\/users\/7"}],"replies":[{"embeddable":true,"href":"https:\/\/www.kunsthalle-karlsruhe.de\/fr\/wp-json\/wp\/v2\/comments?post=79757"}],"version-history":[{"count":2,"href":"https:\/\/www.kunsthalle-karlsruhe.de\/fr\/wp-json\/wp\/v2\/pages\/79757\/revisions"}],"predecessor-version":[{"id":79765,"href":"https:\/\/www.kunsthalle-karlsruhe.de\/fr\/wp-json\/wp\/v2\/pages\/79757\/revisions\/79765"}],"up":[{"embeddable":true,"href":"https:\/\/www.kunsthalle-karlsruhe.de\/fr\/wp-json\/wp\/v2\/pages\/79616"}],"wp:attachment":[{"href":"https:\/\/www.kunsthalle-karlsruhe.de\/fr\/wp-json\/wp\/v2\/media?parent=79757"}],"curies":[{"name":"wp","href":"https:\/\/api.w.org\/{rel}","templated":true}]}}

<section class="block block-copy" style="text-align: left" >
    <div class="container-fluid">
        <div class="row">
                            <div class="col-xs-12 col-sm-8 col-sm-offset-2">
                    <div class="box">
                        <h2  >Le validisme</h2>                    </div>
                </div>
                        <div class="col-xs-12 col-sm-8 col-sm-offset-2">
                <div class="box">
                    <div class="copy editor"><p>Le validisme (traduit de l’anglais ableism, able = capable) désigne la discrimination des personnes (prétendument) handicapées. Basé sur des normes sociales telles que la productivité, la beauté et la santé, le validisme sépare les personnes avec et sans handicap. Souvent, cette discrimination s’exerce inconsciemment dans le cadre de représentations de la « normalité » ancrées dans la société ou comme une forme de mise sous tutelle « bien intentionnée ». Les handicaps résultent souvent d’un manque de prise en compte des besoins ou d’un manque de soutien. Notons par exemple, dans les institutions, les escaliers au lieu des rampes, l’absence d’annonces sonores ou le manque dans les écoles de mesures d’inclusion. Ces barrières excluent les personnes concernées et, en les rendant « invisibles », renforcent les conceptions sociales de la « normalité ».</p>
                        

                        </div>
                </div>
            </div>
        </div>
    </div>
</section>

<section class="block block-buttons noprint" >
    <div class="container-fluid">
                <div class="row center-xs">
            <div class="col-xs-12">
                <div class="box">
                                <div>
                <a href="https://www.kunsthalle-karlsruhe.de/revisionen/glossar/" title="Zum re*visionen Glossar " class="button standard   " target="_self" >
                                        <span>Zum re*visionen Glossar </span>
                </a>
                </div>
                <div>
                <a href="https://www.kunsthalle-karlsruhe.de/revisionen/" title="Zur re*visionen Übersichtsseite" class="button standard   " target="_self" >
                                        <span>Zur re*visionen Übersichtsseite</span>
                </a>
                </div>
    

                    </div>
            </div>
                            <div class="col-xs-12">
                    <div class="box">
                        <div>
                            <a href="#" onclick="site.sharer.show(); return false;" title="Seite teilen" class="button standard " target="_self">Seite teilen</a>
                        </div>
                        <div>
                            <a href="javascript: window.print();" title="Seite drucken" class="button standard ">Seite drucken</a>
                        </div>
                    </div>
                </div>
                    </div>
    </div>
</section>

<div class="sharer" id="sharer" aria-hidden="true" style="position: fixed">
    <div class="sharer--content">
        <a class="sharer-close" href="#" onclick="site.sharer.hide(); return false;"></a>
        <strong>Seite teilen</strong>
        <table>
            <tr>
                <th><a href="#" onclick="site.sharer.facebook(); return false;">Facebook</a></th>
                <td><a class="sharer--facebook" href="#" onclick="site.sharer.facebook(); return false;"></a></td>
            </tr>
            <tr>
                <th><a href="#" onclick="site.sharer.twitter(); return false;">X (Twitter)</a></th>
                <td><a class="sharer--twitter-x" href="#" onclick="site.sharer.twitter(); return false;"></a></td>
            </tr>
            <tr>
                <th><a href="#" onclick="site.sharer.email(); return false;">E-Mail</a></th>
                <td><a class="sharer--email" href="#" onclick="site.sharer.email(); return false;"></a></td>
            </tr>
            <tr>
                <th>
                    <a href="#" onclick="site.sharer.permalink(); return false;">URL kopieren</a>
                    <h6 class="sharer--copy--message">Die URL wurde erfolgreich kopiert und befindet sich in der Zwischenablage</h6>
                </th>
                <td><a class="sharer--permalink" href="#" onclick="site.sharer.permalink(); return false;"></a></td>
            </tr>
                    </table>
    </div>
</div>
